{"id":1797,"date":"2011-07-14T19:45:29","date_gmt":"2011-07-14T19:45:29","guid":{"rendered":"http:\/\/kuratorium-kommende-lengmoos.com\/ritten\/about\/"},"modified":"2024-03-27T12:01:59","modified_gmt":"2024-03-27T10:01:59","slug":"kuratorium","status":"publish","type":"page","link":"https:\/\/kuratorium-kommende-lengmoos.com\/ritten\/kuratorium\/","title":{"rendered":"Kuratorium"},"content":{"rendered":"<div class=\"mp-row-fluid motopress-row mpce-dsbl-margin-left mpce-dsbl-margin-right\">\n<div class=\"mp-span6 motopress-clmn  mpce-dsbl-margin-left mpce-dsbl-margin-right\">\n<div class=\"mp-row-fluid motopress-row mpce-dsbl-margin-left mpce-dsbl-margin-right\">\n<div class=\"mp-span12 motopress-clmn mpce-dsbl-margin-left mpce-dsbl-margin-right\">\n<div class=\"motopress-text-obj\">\n<h2>Der Vorstand<\/h2>\n<ul>\n<li><strong>Egon Gasser<\/strong> - Obmann, Pr\u00e4sident<\/li>\n<li><strong>Heike Vigl<\/strong> - Obmann-Stellvertreterin, Programmgestaltung<\/li>\n<li><strong>Ruth Lang\u00a0<\/strong>- Mitglied<\/li>\n<li><span style=\"color: #000000;\"><b>Markus Mayr<\/b><\/span> - Mitglied<\/li>\n<li><strong>Markus Mur -\u00a0<\/strong>Mitglied<\/li>\n<li><span style=\"color: #000000;\"><span style=\"caret-color: #000000;\"><b>Christian Obkircher\u00a0<\/b>- Mitglied\n<p><\/span><\/span><\/li>\n<\/ul>\n<ul>\n<li><strong>Erich Peter Krause<\/strong> -\u00a0Rechnungspr\u00fcfer<\/li>\n<li><strong>P. Benedikt Hochkofler<\/strong>\u00a0-\u00a0Rechnungspr\u00fcfer<\/li>\n<\/ul>\n<\/div>\n<\/div>\n<\/div>\n<\/div>\n<div class=\"mp-span6 motopress-clmn  mpce-dsbl-margin-left mpce-dsbl-margin-right\">\n<div class=\"motopress-image-obj motopress-text-align-left\"><a href=\"https:\/\/kuratorium-kommende-lengmoos.com\/ritten\/wp-content\/uploads\/2022\/04\/scheibe.png\" data-action=\"motopressLightbox\" target=\"_self\"><img decoding=\"async\" src=\"https:\/\/kuratorium-kommende-lengmoos.com\/ritten\/wp-content\/uploads\/2022\/04\/scheibe-300x300.png\" title=\"scheibe\" alt=\"scheibe\" class=\"motopress-image-obj-basic mpce-dsbl-margin-left mpce-dsbl-margin-right mpce-dsbl-margin-top mpce-dsbl-margin-bottom\" \/><\/a><\/div>\n<\/div>\n<\/div>\n<div class=\"mp-row-fluid motopress-row mpce-dsbl-margin-left mpce-dsbl-margin-right\">\n<div class=\"mp-span12 motopress-clmn  mpce-dsbl-margin-left mpce-dsbl-margin-right\">\n<section class=\"parallax-box \"><div class=\"parallax-content\">\n<div><div class=\"hero-unit \"><h1>Das Kuratorium<\/h1><p><strong>Das Kuratorium Kommende Lengmoos wurde am 5. November 1987 gegr\u00fcndet.<br \/>\nEs stellte und stellt sich die Aufgabe, die Deutschordenskommende Lengmoos zu erhalten und kulturell zu nutzen.<\/strong><\/p>\n<p>Der erste Schritt war die Sanierung bzw. Restaurierung und Wiedergewinnung des 2. Obergeschosses, in dem das Kuratorium seit Herbst 1989 Konzerte, Kunstausstellungen, Lesungen, Vortr\u00e4ge und Symposien anbietet.<br \/>\nMittlerweile wurde in aufw\u00e4ndiger Arbeit auch der 1. Stock mit seinen repr\u00e4sentativen R\u00e4umen restauriert und der \u00d6ffentlichkeit zug\u00e4nglich gemacht.<br \/>\n2015 entsteht im 1. Stock auch eine Ausstellung, die traditionelle Trachten vom Ritten zeigt.<br \/>\n<\/p><\/div><!-- .hero-unit (end) --><\/div>\n<\/div><div data-speed=\"4\" class=\"parallax-bg\" style=\"background:url('https:\/\/kuratorium-kommende-lengmoos.com\/ritten\/wp-content\/uploads\/2015\/04\/parallax-orange.jpg') no-repeat center 0; left:50%; margin-left:-1050px; width:2100px\"><\/div><\/section>\n<\/div>\n<\/div>\n<div class=\"mp-row-fluid motopress-row mpce-dsbl-margin-left mpce-dsbl-margin-right\">\n<div class=\"mp-span12 motopress-clmn  mpce-dsbl-margin-left mpce-dsbl-margin-right\">\n<h2>Die Vereinsstatuten<\/h2>\n<p>Das Statut des Kuratoriums Kommende Lengmoos <a href=\"https:\/\/kuratorium-kommende-lengmoos.com\/ritten\/wp-content\/uploads\/2023\/05\/Statut_2019.pdf\">https:\/\/kuratorium-kommende-lengmoos.com\/ritten\/wp-content\/uploads\/2023\/05\/Statut_2019.pdf<\/a> zum Download.<br \/>\nFormular <a href=\"https:\/\/kuratorium-kommende-lengmoos.com\/ritten\/wp-content\/uploads\/2021\/03\/Aufnahme-Mitglied-deutsch-ab-11042019-1.pdf\" target=\"_blank\" rel=\"noopener\">Ansuchen um Aufnahme<\/a> als Mitglied des Kuratoriums Kommende Lengmoos<\/p>\n<\/div>\n<\/div>\n","protected":false},"excerpt":{"rendered":"Der Vorstand Egon Gasser - Obmann, Pr\u00e4sident Heike Vigl - Obmann-Stellvertreterin, Programmgestaltung Ruth Lang\u00a0- Mitglied Markus Mayr - Mitglied Markus Mur -\u00a0Mitglied Christian Obkircher\u00a0- Mitglied Erich Peter Krause -\u00a0Rechnungspr\u00fcfer P. Benedikt Hochkofler\u00a0-\u00a0Rechnungspr\u00fcfer Das KuratoriumDas Kuratorium Kommende Lengmoos wurde am 5. November 1987 gegr\u00fcndet. Es stellte und stellt sich die Aufgabe, die Deutschordenskommende Lengmoos zu erhalten und kulturell zu nutzen. Der&nbsp;<a href=\"https:\/\/kuratorium-kommende-lengmoos.com\/ritten\/kuratorium\/\" class=\"read-more\">Continue Reading<\/a>","protected":false},"author":1,"featured_media":0,"parent":0,"menu_order":1,"comment_status":"open","ping_status":"open","template":"page-fullwidth.php","meta":{"footnotes":""},"class_list":["post-1797","page","type-page","status-publish","hentry"],"publishpress_future_action":{"enabled":false,"date":"2026-05-08 05:19:36","action":"change-status","newStatus":"private","terms":[],"taxonomy":"","extraData":[]},"publishpress_future_workflow_manual_trigger":{"enabledWorkflows":[]},"_links":{"self":[{"href":"https:\/\/kuratorium-kommende-lengmoos.com\/ritten\/wp-json\/wp\/v2\/pages\/1797","targetHints":{"allow":["GET"]}}],"collection":[{"href":"https:\/\/kuratorium-kommende-lengmoos.com\/ritten\/wp-json\/wp\/v2\/pages"}],"about":[{"href":"https:\/\/kuratorium-kommende-lengmoos.com\/ritten\/wp-json\/wp\/v2\/types\/page"}],"author":[{"embeddable":true,"href":"https:\/\/kuratorium-kommende-lengmoos.com\/ritten\/wp-json\/wp\/v2\/users\/1"}],"replies":[{"embeddable":true,"href":"https:\/\/kuratorium-kommende-lengmoos.com\/ritten\/wp-json\/wp\/v2\/comments?post=1797"}],"version-history":[{"count":89,"href":"https:\/\/kuratorium-kommende-lengmoos.com\/ritten\/wp-json\/wp\/v2\/pages\/1797\/revisions"}],"predecessor-version":[{"id":4167,"href":"https:\/\/kuratorium-kommende-lengmoos.com\/ritten\/wp-json\/wp\/v2\/pages\/1797\/revisions\/4167"}],"wp:attachment":[{"href":"https:\/\/kuratorium-kommende-lengmoos.com\/ritten\/wp-json\/wp\/v2\/media?parent=1797"}],"curies":[{"name":"wp","href":"https:\/\/api.w.org\/{rel}","templated":true}]}}

<div class="mp-row-fluid motopress-row mpce-dsbl-margin-left mpce-dsbl-margin-right">
<div class="mp-span6 motopress-clmn  mpce-dsbl-margin-left mpce-dsbl-margin-right">
<div class="mp-row-fluid motopress-row mpce-dsbl-margin-left mpce-dsbl-margin-right">
<div class="mp-span12 motopress-clmn mpce-dsbl-margin-left mpce-dsbl-margin-right">
<div class="motopress-text-obj">
<h2>Der Vorstand</h2>
<ul>
<li><strong>Egon Gasser</strong> - Obmann, Präsident</li>
<li><strong>Heike Vigl</strong> - Obmann-Stellvertreterin, Programmgestaltung</li>
<li><strong>Ruth Lang </strong>- Mitglied</li>
<li><span style="color: #000000;"><b>Markus Mayr</b></span> - Mitglied</li>
<li><strong>Markus Mur - </strong>Mitglied</li>
<li><span style="color: #000000;"><span style="caret-color: #000000;"><b>Christian Obkircher </b>- Mitglied
<p></span></span></li>
</ul>
<ul>
<li><strong>Erich Peter Krause</strong> - Rechnungsprüfer</li>
<li><strong>P. Benedikt Hochkofler</strong> - Rechnungsprüfer</li>
</ul>
</div>
</div>
</div>
</div>
<div class="mp-span6 motopress-clmn  mpce-dsbl-margin-left mpce-dsbl-margin-right">
<div class="motopress-image-obj motopress-text-align-left"><a href="https://kuratorium-kommende-lengmoos.com/ritten/wp-content/uploads/2022/04/scheibe.png" data-action="motopressLightbox" target="_self"><img decoding="async" src="https://kuratorium-kommende-lengmoos.com/ritten/wp-content/uploads/2022/04/scheibe-300x300.png" title="scheibe" alt="scheibe" class="motopress-image-obj-basic mpce-dsbl-margin-left mpce-dsbl-margin-right mpce-dsbl-margin-top mpce-dsbl-margin-bottom" /></a></div>
</div>
</div>
<div class="mp-row-fluid motopress-row mpce-dsbl-margin-left mpce-dsbl-margin-right">
<div class="mp-span12 motopress-clmn  mpce-dsbl-margin-left mpce-dsbl-margin-right">
<section class="parallax-box "><div class="parallax-content">
<div><div class="hero-unit "><h1>Das Kuratorium</h1><p><strong>Das Kuratorium Kommende Lengmoos wurde am 5. November 1987 gegründet.<br />
Es stellte und stellt sich die Aufgabe, die Deutschordenskommende Lengmoos zu erhalten und kulturell zu nutzen.</strong></p>
<p>Der erste Schritt war die Sanierung bzw. Restaurierung und Wiedergewinnung des 2. Obergeschosses, in dem das Kuratorium seit Herbst 1989 Konzerte, Kunstausstellungen, Lesungen, Vorträge und Symposien anbietet.<br />
Mittlerweile wurde in aufwändiger Arbeit auch der 1. Stock mit seinen repräsentativen Räumen restauriert und der Öffentlichkeit zugänglich gemacht.<br />
2015 entsteht im 1. Stock auch eine Ausstellung, die traditionelle Trachten vom Ritten zeigt.<br />
</p></div><!-- .hero-unit (end) --></div>
</div><div data-speed="4" class="parallax-bg" style="background:url('https://kuratorium-kommende-lengmoos.com/ritten/wp-content/uploads/2015/04/parallax-orange.jpg') no-repeat center 0; left:50%; margin-left:-1050px; width:2100px"></div></section>
</div>
</div>
<div class="mp-row-fluid motopress-row mpce-dsbl-margin-left mpce-dsbl-margin-right">
<div class="mp-span12 motopress-clmn  mpce-dsbl-margin-left mpce-dsbl-margin-right">
<h2>Die Vereinsstatuten</h2>
<p>Das Statut des Kuratoriums Kommende Lengmoos <a href="https://kuratorium-kommende-lengmoos.com/ritten/wp-content/uploads/2023/05/Statut_2019.pdf">https://kuratorium-kommende-lengmoos.com/ritten/wp-content/uploads/2023/05/Statut_2019.pdf</a> zum Download.<br />
Formular <a href="https://kuratorium-kommende-lengmoos.com/ritten/wp-content/uploads/2021/03/Aufnahme-Mitglied-deutsch-ab-11042019-1.pdf" target="_blank" rel="noopener">Ansuchen um Aufnahme</a> als Mitglied des Kuratoriums Kommende Lengmoos</p>
</div>
</div>

Der Vorstand Egon Gasser - Obmann, Präsident Heike Vigl - Obmann-Stellvertreterin, Programmgestaltung Ruth Lang - Mitglied Markus Mayr - Mitglied Markus Mur - Mitglied Christian Obkircher - Mitglied Erich Peter Krause - Rechnungsprüfer P. Benedikt Hochkofler - Rechnungsprüfer Das KuratoriumDas Kuratorium Kommende Lengmoos wurde am 5. November 1987 gegründet. Es stellte und stellt sich die Aufgabe, die Deutschordenskommende Lengmoos zu erhalten und kulturell zu nutzen. Der&nbsp;<a href="https://kuratorium-kommende-lengmoos.com/ritten/kuratorium/" class="read-more">Continue Reading</a>
