{"id":203,"date":"2011-09-14T09:45:02","date_gmt":"2011-09-14T09:45:02","guid":{"rendered":"http:\/\/kuratorium-kommende-lengmoos.com\/ritten\/"},"modified":"2023-02-09T22:51:30","modified_gmt":"2023-02-09T20:51:30","slug":"home","status":"publish","type":"page","link":"https:\/\/kuratorium-kommende-lengmoos.com\/ritten\/","title":{"rendered":"Home"},"content":{"rendered":"<div class=\"mp-row-fluid motopress-row mpce-dsbl-margin-left mpce-dsbl-margin-right\">\n<div class=\"mp-span12 motopress-clmn  mpce-dsbl-margin-left mpce-dsbl-margin-right\">\n<div class=\"motopress-text-obj\">\n<h2>Die n\u00e4chsten Veranstaltungen<\/h2>\n<h4>Ticketreservierung:<\/h4>\n<p>Tourismusverein Ritten: +39 0471 356100\u00a0\u00a0 Kommende Lengmoos: +39 377 345 1238\u00a0 info@kuratorium-kommende-lengmoos.com\u00a0 <em>Innerhalb 18 Uhr des Vortages<\/em><\/p>\n<\/div>\n<\/div>\n<\/div>\n<div class=\"mp-row-fluid motopress-row mpce-dsbl-margin-left mpce-dsbl-margin-right\">\n<div class=\"mp-span12 motopress-clmn  mpce-dsbl-margin-left mpce-dsbl-margin-right\">\n<div><ul class=\"posts-grid row-fluid unstyled  ul-item-0\"><li class=\"span4 list-item-1\"><figure class=\"featured-thumbnail thumbnail\"><a href=\"https:\/\/kuratorium-kommende-lengmoos.com\/ritten\/wp-content\/uploads\/2026\/01\/FOTO-QUER_web.jpg\" title=\"Opas Diandl: &#8220;RIARN &#038; GSPIARN&#8221;\" rel=\"prettyPhoto-1308280786[gallery0]\"><img decoding=\"async\" src=\"https:\/\/kuratorium-kommende-lengmoos.com\/ritten\/wp-content\/uploads\/2026\/01\/FOTO-QUER_web-370x250.jpg\" alt=\"Opas Diandl: &#8220;RIARN &#038; GSPIARN&#8221;\" \/><span class=\"zoom-icon\"><\/span><\/a><\/figure><div class=\"clear\"><\/div><h5><a href=\"https:\/\/kuratorium-kommende-lengmoos.com\/ritten\/opas-diandl\/\" title=\"Opas Diandl: &#8220;RIARN &#038; GSPIARN&#8221;\">Opas Diandl: &#8220;RIARN &#038; GSPIARN&#8221;<\/a><\/h5><div class=\"post_meta\"><span class=\"post_date\">Samstag, 16.05.2026 - 20:30 Uhr<\/span><\/div><p class=\"excerpt\">Wie eng Lachen und Weinen, Freude und Trauer, Heim \u2013 und Fernweh miteinander&hellip;<\/p><a href=\"https:\/\/kuratorium-kommende-lengmoos.com\/ritten\/opas-diandl\/\" class=\"btn btn-primary\" title=\"Opas Diandl: &#8220;RIARN &#038; GSPIARN&#8221;\">Weiterlesen<\/a><\/li><li class=\"span4 list-item-2\"><figure class=\"featured-thumbnail thumbnail\"><a href=\"https:\/\/kuratorium-kommende-lengmoos.com\/ritten\/wp-content\/uploads\/2026\/01\/TrioHalma_web.jpg\" title=\"Trio Halma: Fragmente &#8211; Ein musikalischer Streifzug durch das Leben von Udo J\u00fcrgens\" rel=\"prettyPhoto-1308280786[gallery1]\"><img decoding=\"async\" src=\"https:\/\/kuratorium-kommende-lengmoos.com\/ritten\/wp-content\/uploads\/2026\/01\/TrioHalma_web-370x250.jpg\" alt=\"Trio Halma: Fragmente &#8211; Ein musikalischer Streifzug durch das Leben von Udo J\u00fcrgens\" \/><span class=\"zoom-icon\"><\/span><\/a><\/figure><div class=\"clear\"><\/div><h5><a href=\"https:\/\/kuratorium-kommende-lengmoos.com\/ritten\/trio-halma\/\" title=\"Trio Halma: Fragmente &#8211; Ein musikalischer Streifzug durch das Leben von Udo J\u00fcrgens\">Trio Halma: Fragmente &#8211; Ein musikalischer Streifzug durch das Leben von Udo J\u00fcrgens<\/a><\/h5><div class=\"post_meta\"><span class=\"post_date\">Samstag, 06.06.2026 - 20:30 Uhr<\/span><\/div><p class=\"excerpt\">Begeben Sie sich mit dem Trio Halma auf eine bewegende Reise durch das&hellip;<\/p><a href=\"https:\/\/kuratorium-kommende-lengmoos.com\/ritten\/trio-halma\/\" class=\"btn btn-primary\" title=\"Trio Halma: Fragmente &#8211; Ein musikalischer Streifzug durch das Leben von Udo J\u00fcrgens\">Weiterlesen<\/a><\/li><li class=\"span4 list-item-3\"><figure class=\"featured-thumbnail thumbnail\"><a href=\"https:\/\/kuratorium-kommende-lengmoos.com\/ritten\/wp-content\/uploads\/2025\/06\/BarbaraNatter1_web.jpg\" title=\"Barbara Natter: Florales  06.06. &#8211; 28.06.2026\" rel=\"prettyPhoto-1308280786[gallery2]\"><img decoding=\"async\" src=\"https:\/\/kuratorium-kommende-lengmoos.com\/ritten\/wp-content\/uploads\/2025\/06\/BarbaraNatter3_web-370x250.jpg\" alt=\"Barbara Natter: Florales  06.06. &#8211; 28.06.2026\" \/><span class=\"zoom-icon\"><\/span><\/a><\/figure><figure class=\"featured-thumbnail thumbnail\" style=\"display:none;\"><a href=\"https:\/\/kuratorium-kommende-lengmoos.com\/ritten\/wp-content\/uploads\/2026\/01\/BarbaraNatter1_web.jpg\" title=\"Barbara Natter: Florales  06.06. &#8211; 28.06.2026\" rel=\"prettyPhoto-1308280786[gallery2]\"><span class=\"zoom-icon\"><\/span><\/a><\/figure><figure class=\"featured-thumbnail thumbnail\" style=\"display:none;\"><a href=\"https:\/\/kuratorium-kommende-lengmoos.com\/ritten\/wp-content\/uploads\/2026\/01\/BarbaraNatter2_web.jpg\" title=\"Barbara Natter: Florales  06.06. &#8211; 28.06.2026\" rel=\"prettyPhoto-1308280786[gallery2]\"><span class=\"zoom-icon\"><\/span><\/a><\/figure><figure class=\"featured-thumbnail thumbnail\" style=\"display:none;\"><a href=\"https:\/\/kuratorium-kommende-lengmoos.com\/ritten\/wp-content\/uploads\/2025\/06\/BarbaraNatter2_web.jpg\" title=\"Barbara Natter: Florales  06.06. &#8211; 28.06.2026\" rel=\"prettyPhoto-1308280786[gallery2]\"><span class=\"zoom-icon\"><\/span><\/a><\/figure><figure class=\"featured-thumbnail thumbnail\" style=\"display:none;\"><a href=\"https:\/\/kuratorium-kommende-lengmoos.com\/ritten\/wp-content\/uploads\/2025\/06\/BarbaraNatter3_web.jpg\" title=\"Barbara Natter: Florales  06.06. &#8211; 28.06.2026\" rel=\"prettyPhoto-1308280786[gallery2]\"><span class=\"zoom-icon\"><\/span><\/a><\/figure><div class=\"clear\"><\/div><h5><a href=\"https:\/\/kuratorium-kommende-lengmoos.com\/ritten\/barbara-natter-florales-06-06-28-06-2026\/\" title=\"Barbara Natter: Florales  06.06. &#8211; 28.06.2026\">Barbara Natter: Florales  06.06. &#8211; 28.06.2026<\/a><\/h5><div class=\"post_meta\"><span class=\"post_date\">Vernissage: Samstag, 06.06.2026 - 17:00 Uhr<\/span><\/div><p class=\"excerpt\">Die Ausstellung Florales zeigt gro\u00dfformatige Bl\u00fctendarstellungen und farbintensive Portr\u00e4ts wei\u00dfer und schwarzer Menschen.&hellip;<\/p><a href=\"https:\/\/kuratorium-kommende-lengmoos.com\/ritten\/barbara-natter-florales-06-06-28-06-2026\/\" class=\"btn btn-primary\" title=\"Barbara Natter: Florales  06.06. &#8211; 28.06.2026\">Weiterlesen<\/a><\/li><\/ul><!-- .posts-grid (end) --><\/div>\n<\/div>\n<\/div>\n<div class=\"mp-row-fluid motopress-row mpce-dsbl-margin-left mpce-dsbl-margin-right\">\n<div class=\"mp-span12 motopress-clmn  mpce-dsbl-margin-left mpce-dsbl-margin-right\">\n<div class=\"motopress-text-obj\">\n<hr \/>\n<p>Ticketpreise: Konzerte 15 \u20ac, mit Ritten-Pass und -Card 12 \u20ac, Sch\u00fclerInnen und StudentInnen 5 \u20ac, Abonnement 80 \u20ac<br \/>\nKinderkonzert 7 \u20ac<\/p>\n<\/div>\n<\/div>\n<\/div>\n","protected":false},"excerpt":{"rendered":"Die n\u00e4chsten Veranstaltungen Ticketreservierung: Tourismusverein Ritten: +39 0471 356100\u00a0\u00a0 Kommende Lengmoos: +39 377 345 1238\u00a0 info@kuratorium-kommende-lengmoos.com\u00a0 Innerhalb 18 Uhr des Vortages Ticketpreise: Konzerte 15 \u20ac, mit Ritten-Pass und -Card 12 \u20ac, Sch\u00fclerInnen und StudentInnen 5 \u20ac, Abonnement 80 \u20ac Kinderkonzert 7 \u20ac","protected":false},"author":1,"featured_media":0,"parent":0,"menu_order":0,"comment_status":"open","ping_status":"closed","template":"page-home.php","meta":{"footnotes":""},"class_list":["post-203","page","type-page","status-publish","hentry","cat-546-id","cat-547-id","cat-40-id"],"publishpress_future_action":{"enabled":false,"date":"2026-05-02 12:59:46","action":"change-status","newStatus":"private","terms":[],"taxonomy":"","extraData":[]},"publishpress_future_workflow_manual_trigger":{"enabledWorkflows":[]},"_links":{"self":[{"href":"https:\/\/kuratorium-kommende-lengmoos.com\/ritten\/wp-json\/wp\/v2\/pages\/203","targetHints":{"allow":["GET"]}}],"collection":[{"href":"https:\/\/kuratorium-kommende-lengmoos.com\/ritten\/wp-json\/wp\/v2\/pages"}],"about":[{"href":"https:\/\/kuratorium-kommende-lengmoos.com\/ritten\/wp-json\/wp\/v2\/types\/page"}],"author":[{"embeddable":true,"href":"https:\/\/kuratorium-kommende-lengmoos.com\/ritten\/wp-json\/wp\/v2\/users\/1"}],"replies":[{"embeddable":true,"href":"https:\/\/kuratorium-kommende-lengmoos.com\/ritten\/wp-json\/wp\/v2\/comments?post=203"}],"version-history":[{"count":84,"href":"https:\/\/kuratorium-kommende-lengmoos.com\/ritten\/wp-json\/wp\/v2\/pages\/203\/revisions"}],"predecessor-version":[{"id":3847,"href":"https:\/\/kuratorium-kommende-lengmoos.com\/ritten\/wp-json\/wp\/v2\/pages\/203\/revisions\/3847"}],"wp:attachment":[{"href":"https:\/\/kuratorium-kommende-lengmoos.com\/ritten\/wp-json\/wp\/v2\/media?parent=203"}],"curies":[{"name":"wp","href":"https:\/\/api.w.org\/{rel}","templated":true}]}}