{"id":2373,"date":"2015-04-14T19:33:46","date_gmt":"2015-04-14T17:33:46","guid":{"rendered":"http:\/\/kuratorium-kommende-lengmoos.com\/ritten\/?page_id=2373"},"modified":"2024-03-10T22:57:07","modified_gmt":"2024-03-10T20:57:07","slug":"kommende","status":"publish","type":"page","link":"https:\/\/kuratorium-kommende-lengmoos.com\/ritten\/kommende\/","title":{"rendered":"Kommende"},"content":{"rendered":"<div class=\"mp-row-fluid motopress-row mpce-dsbl-margin-left mpce-dsbl-margin-right\">\n<div class=\"mp-span6 motopress-clmn  mpce-dsbl-margin-left mpce-dsbl-margin-right\">\n<div class=\"mp-row-fluid motopress-row mpce-dsbl-margin-left mpce-dsbl-margin-right\">\n<div class=\"mp-span12 motopress-clmn mpce-dsbl-margin-left mpce-dsbl-margin-right\">\n<div class=\"motopress-image-obj motopress-text-align-left\"><a href=\"https:\/\/kuratorium-kommende-lengmoos.com\/ritten\/wp-content\/uploads\/2020\/02\/kommende-lengmoos.jpg\" data-action=\"motopressLightbox\" target=\"_self\"><img decoding=\"async\" src=\"https:\/\/kuratorium-kommende-lengmoos.com\/ritten\/wp-content\/uploads\/2020\/02\/kommende-lengmoos.jpg\" title=\"kommende-lengmoos\" alt=\"kommende-lengmoos\" class=\"motopress-image-obj-basic mpce-dsbl-margin-left mpce-dsbl-margin-right mpce-dsbl-margin-top mpce-dsbl-margin-bottom\" \/><\/a><\/div>\n<\/div>\n<\/div>\n<div class=\"mp-row-fluid motopress-row mpce-dsbl-margin-left mpce-dsbl-margin-right\">\n<div class=\"mp-span12 motopress-clmn mpce-dsbl-margin-left mpce-dsbl-margin-right\">\n<div class=\"motopress-text-obj\">\n<p>Kommende Lengmoos<\/p>\n<\/div>\n<\/div>\n<\/div>\n<\/div>\n<div class=\"mp-span6 motopress-clmn  mpce-dsbl-margin-left mpce-dsbl-margin-right\">\n<div class=\"mp-row-fluid motopress-row mpce-dsbl-margin-left mpce-dsbl-margin-right\">\n<div class=\"mp-span12 motopress-clmn mpce-dsbl-margin-left mpce-dsbl-margin-right\">\n<div class=\"motopress-image-obj motopress-text-align-left\"><a href=\"https:\/\/kuratorium-kommende-lengmoos.com\/ritten\/wp-content\/uploads\/2015\/04\/ausstellung-senoner.jpg\" data-action=\"motopressLightbox\" target=\"_self\"><img decoding=\"async\" src=\"https:\/\/kuratorium-kommende-lengmoos.com\/ritten\/wp-content\/uploads\/2015\/04\/ausstellung-senoner.jpg\" title=\"ausstellung-senoner\" alt=\"ausstellung-senoner\" class=\"motopress-image-obj-basic mpce-dsbl-margin-left mpce-dsbl-margin-right mpce-dsbl-margin-top mpce-dsbl-margin-bottom\" \/><\/a><\/div>\n<\/div>\n<\/div>\n<div class=\"mp-row-fluid motopress-row mpce-dsbl-margin-left mpce-dsbl-margin-right\">\n<div class=\"mp-span12 motopress-clmn mpce-dsbl-margin-left mpce-dsbl-margin-right\">\n<div class=\"motopress-text-obj\">\n<p>Kommende Lengmoos<\/p>\n<\/div>\n<\/div>\n<\/div>\n<\/div>\n<\/div>\n<div class=\"mp-row-fluid motopress-row mpce-dsbl-margin-left mpce-dsbl-margin-right\">\n<div class=\"mp-span12 motopress-clmn  mpce-dsbl-margin-left mpce-dsbl-margin-right\">\n<p>Die Kommende des Deutschen Ordens in Lengmoos geht zur\u00fcck auf ein bereits vor 1211 bestehendes (seit 1235 vom Deutschen Orden gef\u00fchrtes) Hospiz. Es stand an der Passh\u00f6he (St. Ulrichs-Pass) jenes Abschnitts des Brennerwegs, der als \u201eKaiserstra\u00dfe\u201c in die Geschichte eingegangen ist und bis ins sp\u00e4te Mittelalter zwischen Kollmann und Bozen wegen der immer wieder auftretenden Unpassierbarkeit der Eisackschlucht \u00fcber die Rittner H\u00f6hen verlief.<\/p>\n<\/div>\n<\/div>\n<div class=\"mp-row-fluid motopress-row mpce-dsbl-margin-left mpce-dsbl-margin-right\">\n<div class=\"mp-span12 motopress-clmn  mpce-dsbl-margin-left mpce-dsbl-margin-right\">\n<section class=\"parallax-box \"><div class=\"parallax-content\">\n<div><div class=\"hero-unit \"><h1>Die Kommende<\/h1><p>Durch den Ausbau der Stra\u00dfenverbindung in der Eisackschlucht zur Fahrstra\u00dfe um 1500 (die nach ihrem Hauptbetreiber \u201eKuntersweg\u201c hei\u00dft), verlor der Weg \u00fcber den Ritten viel von seiner Bedeutung.<\/p>\n<p>Der heutige Bauk\u00f6rper ist um 1625 entstanden, enth\u00e4lt im 1. Stock kostbar ausgestattete Repr\u00e4sentationsr\u00e4ume mit Prunk\u00f6fen, Stuckdecken und bemalten Tapeten und im 2. Stock mehrere R\u00e4ume f\u00fcr kulturelle Veranstaltungen, die vom Kuratorium Kommende Lengmoos seit 1989 f\u00fcr Konzerte, Ausstellungen, Vortr\u00e4ge, Symposien etc. genutzt werden.<\/p>\n<p>Im Hof der Kommende wird seit 1973 durch die Rittner Sommerspiele Freilichttheater geboten.<\/p>\n<p>Die k\u00fcnstlerische Ausstattung in den Repr\u00e4sentationsr\u00e4umen mit Stuckdecken und bemalten Tapeten ist um 1740 entstanden. Die Stukkaturen sind im sogenannten \u201eBandlwerk\u201c gehalten und zeichnen sich durch besonders reiche und formvollendete Gestaltung aus. Auf den Tapeten sind biblische Szenen, Episoden aus der Geschichte des Deutschen Ordens und Jagden am pfalzgr\u00e4flichen Hof dargestellt, an denen Komtur Ingenuin von Recordin, der Auftraggeber der kostbaren Ausstattung, teilgenommen hatte.<\/p>\n<p>Der stattliche Baukomplex von Kirche und Kommende ist trotz seines Bedeutungsverlusts ein kulturelles und seelsorgliches Zentrum f\u00fcr den Ritten geblieben und bildet noch heute den beherrschenden baulichen Akzent im Dorfbild von Lengmoos.<\/p><\/div><!-- .hero-unit (end) --><\/div>\n<\/div><div data-speed=\"4\" class=\"parallax-bg\" style=\"background:url('https:\/\/kuratorium-kommende-lengmoos.com\/ritten\/wp-content\/uploads\/2015\/04\/parallax-rot.jpg') no-repeat center 0; left:50%; margin-left:-1050px; width:2100px\"><\/div><\/section>\n<\/div>\n<\/div>\n<div class=\"mp-row-fluid motopress-row mpce-dsbl-margin-left mpce-dsbl-margin-right\">\n<div class=\"mp-span12 motopress-clmn  mpce-dsbl-margin-left mpce-dsbl-margin-right\">\n<p>Die Kommende kann von Mai bis Oktober am Mittwoch und Freitag von 16 - 18 Uhr besichtigt werden.<\/p>\n<p>Besichtigung Trachtenausstellung: Mai bis Oktober am Mittwoch und Freitag von 16:00 - 18:00 Uhr<\/p>\n<p>&nbsp;<\/p>\n<\/div>\n<\/div>\n","protected":false},"excerpt":{"rendered":"Kommende Lengmoos Kommende Lengmoos Die Kommende des Deutschen Ordens in Lengmoos geht zur\u00fcck auf ein bereits vor 1211 bestehendes (seit 1235 vom Deutschen Orden gef\u00fchrtes) Hospiz. Es stand an der Passh\u00f6he (St. Ulrichs-Pass) jenes Abschnitts des Brennerwegs, der als \u201eKaiserstra\u00dfe\u201c in die Geschichte eingegangen ist und bis ins sp\u00e4te Mittelalter zwischen Kollmann und Bozen wegen der immer wieder auftretenden Unpassierbarkeit&nbsp;<a href=\"https:\/\/kuratorium-kommende-lengmoos.com\/ritten\/kommende\/\" class=\"read-more\">Continue Reading<\/a>","protected":false},"author":1,"featured_media":0,"parent":0,"menu_order":0,"comment_status":"closed","ping_status":"closed","template":"page-fullwidth.php","meta":{"footnotes":""},"class_list":["post-2373","page","type-page","status-publish","hentry"],"publishpress_future_action":{"enabled":false,"date":"2026-05-06 10:07:54","action":"change-status","newStatus":"private","terms":[],"taxonomy":"","extraData":[]},"publishpress_future_workflow_manual_trigger":{"enabledWorkflows":[]},"_links":{"self":[{"href":"https:\/\/kuratorium-kommende-lengmoos.com\/ritten\/wp-json\/wp\/v2\/pages\/2373","targetHints":{"allow":["GET"]}}],"collection":[{"href":"https:\/\/kuratorium-kommende-lengmoos.com\/ritten\/wp-json\/wp\/v2\/pages"}],"about":[{"href":"https:\/\/kuratorium-kommende-lengmoos.com\/ritten\/wp-json\/wp\/v2\/types\/page"}],"author":[{"embeddable":true,"href":"https:\/\/kuratorium-kommende-lengmoos.com\/ritten\/wp-json\/wp\/v2\/users\/1"}],"replies":[{"embeddable":true,"href":"https:\/\/kuratorium-kommende-lengmoos.com\/ritten\/wp-json\/wp\/v2\/comments?post=2373"}],"version-history":[{"count":56,"href":"https:\/\/kuratorium-kommende-lengmoos.com\/ritten\/wp-json\/wp\/v2\/pages\/2373\/revisions"}],"predecessor-version":[{"id":4164,"href":"https:\/\/kuratorium-kommende-lengmoos.com\/ritten\/wp-json\/wp\/v2\/pages\/2373\/revisions\/4164"}],"wp:attachment":[{"href":"https:\/\/kuratorium-kommende-lengmoos.com\/ritten\/wp-json\/wp\/v2\/media?parent=2373"}],"curies":[{"name":"wp","href":"https:\/\/api.w.org\/{rel}","templated":true}]}}

<div class="mp-row-fluid motopress-row mpce-dsbl-margin-left mpce-dsbl-margin-right">
<div class="mp-span6 motopress-clmn  mpce-dsbl-margin-left mpce-dsbl-margin-right">
<div class="mp-row-fluid motopress-row mpce-dsbl-margin-left mpce-dsbl-margin-right">
<div class="mp-span12 motopress-clmn mpce-dsbl-margin-left mpce-dsbl-margin-right">
<div class="motopress-image-obj motopress-text-align-left"><a href="https://kuratorium-kommende-lengmoos.com/ritten/wp-content/uploads/2020/02/kommende-lengmoos.jpg" data-action="motopressLightbox" target="_self"><img decoding="async" src="https://kuratorium-kommende-lengmoos.com/ritten/wp-content/uploads/2020/02/kommende-lengmoos.jpg" title="kommende-lengmoos" alt="kommende-lengmoos" class="motopress-image-obj-basic mpce-dsbl-margin-left mpce-dsbl-margin-right mpce-dsbl-margin-top mpce-dsbl-margin-bottom" /></a></div>
</div>
</div>
<div class="mp-row-fluid motopress-row mpce-dsbl-margin-left mpce-dsbl-margin-right">
<div class="mp-span12 motopress-clmn mpce-dsbl-margin-left mpce-dsbl-margin-right">
<div class="motopress-text-obj">
<p>Kommende Lengmoos</p>
</div>
</div>
</div>
</div>
<div class="mp-span6 motopress-clmn  mpce-dsbl-margin-left mpce-dsbl-margin-right">
<div class="mp-row-fluid motopress-row mpce-dsbl-margin-left mpce-dsbl-margin-right">
<div class="mp-span12 motopress-clmn mpce-dsbl-margin-left mpce-dsbl-margin-right">
<div class="motopress-image-obj motopress-text-align-left"><a href="https://kuratorium-kommende-lengmoos.com/ritten/wp-content/uploads/2015/04/ausstellung-senoner.jpg" data-action="motopressLightbox" target="_self"><img decoding="async" src="https://kuratorium-kommende-lengmoos.com/ritten/wp-content/uploads/2015/04/ausstellung-senoner.jpg" title="ausstellung-senoner" alt="ausstellung-senoner" class="motopress-image-obj-basic mpce-dsbl-margin-left mpce-dsbl-margin-right mpce-dsbl-margin-top mpce-dsbl-margin-bottom" /></a></div>
</div>
</div>
<div class="mp-row-fluid motopress-row mpce-dsbl-margin-left mpce-dsbl-margin-right">
<div class="mp-span12 motopress-clmn mpce-dsbl-margin-left mpce-dsbl-margin-right">
<div class="motopress-text-obj">
<p>Kommende Lengmoos</p>
</div>
</div>
</div>
</div>
</div>
<div class="mp-row-fluid motopress-row mpce-dsbl-margin-left mpce-dsbl-margin-right">
<div class="mp-span12 motopress-clmn  mpce-dsbl-margin-left mpce-dsbl-margin-right">
<p>Die Kommende des Deutschen Ordens in Lengmoos geht zurück auf ein bereits vor 1211 bestehendes (seit 1235 vom Deutschen Orden geführtes) Hospiz. Es stand an der Passhöhe (St. Ulrichs-Pass) jenes Abschnitts des Brennerwegs, der als „Kaiserstraße“ in die Geschichte eingegangen ist und bis ins späte Mittelalter zwischen Kollmann und Bozen wegen der immer wieder auftretenden Unpassierbarkeit der Eisackschlucht über die Rittner Höhen verlief.</p>
</div>
</div>
<div class="mp-row-fluid motopress-row mpce-dsbl-margin-left mpce-dsbl-margin-right">
<div class="mp-span12 motopress-clmn  mpce-dsbl-margin-left mpce-dsbl-margin-right">
<section class="parallax-box "><div class="parallax-content">
<div><div class="hero-unit "><h1>Die Kommende</h1><p>Durch den Ausbau der Straßenverbindung in der Eisackschlucht zur Fahrstraße um 1500 (die nach ihrem Hauptbetreiber „Kuntersweg“ heißt), verlor der Weg über den Ritten viel von seiner Bedeutung.</p>
<p>Der heutige Baukörper ist um 1625 entstanden, enthält im 1. Stock kostbar ausgestattete Repräsentationsräume mit Prunköfen, Stuckdecken und bemalten Tapeten und im 2. Stock mehrere Räume für kulturelle Veranstaltungen, die vom Kuratorium Kommende Lengmoos seit 1989 für Konzerte, Ausstellungen, Vorträge, Symposien etc. genutzt werden.</p>
<p>Im Hof der Kommende wird seit 1973 durch die Rittner Sommerspiele Freilichttheater geboten.</p>
<p>Die künstlerische Ausstattung in den Repräsentationsräumen mit Stuckdecken und bemalten Tapeten ist um 1740 entstanden. Die Stukkaturen sind im sogenannten „Bandlwerk“ gehalten und zeichnen sich durch besonders reiche und formvollendete Gestaltung aus. Auf den Tapeten sind biblische Szenen, Episoden aus der Geschichte des Deutschen Ordens und Jagden am pfalzgräflichen Hof dargestellt, an denen Komtur Ingenuin von Recordin, der Auftraggeber der kostbaren Ausstattung, teilgenommen hatte.</p>
<p>Der stattliche Baukomplex von Kirche und Kommende ist trotz seines Bedeutungsverlusts ein kulturelles und seelsorgliches Zentrum für den Ritten geblieben und bildet noch heute den beherrschenden baulichen Akzent im Dorfbild von Lengmoos.</p></div><!-- .hero-unit (end) --></div>
</div><div data-speed="4" class="parallax-bg" style="background:url('https://kuratorium-kommende-lengmoos.com/ritten/wp-content/uploads/2015/04/parallax-rot.jpg') no-repeat center 0; left:50%; margin-left:-1050px; width:2100px"></div></section>
</div>
</div>
<div class="mp-row-fluid motopress-row mpce-dsbl-margin-left mpce-dsbl-margin-right">
<div class="mp-span12 motopress-clmn  mpce-dsbl-margin-left mpce-dsbl-margin-right">
<p>Die Kommende kann von Mai bis Oktober am Mittwoch und Freitag von 16 - 18 Uhr besichtigt werden.</p>
<p>Besichtigung Trachtenausstellung: Mai bis Oktober am Mittwoch und Freitag von 16:00 - 18:00 Uhr</p>
<p>&nbsp;</p>
</div>
</div>

Kommende Lengmoos Kommende Lengmoos Die Kommende des Deutschen Ordens in Lengmoos geht zurück auf ein bereits vor 1211 bestehendes (seit 1235 vom Deutschen Orden geführtes) Hospiz. Es stand an der Passhöhe (St. Ulrichs-Pass) jenes Abschnitts des Brennerwegs, der als „Kaiserstraße“ in die Geschichte eingegangen ist und bis ins späte Mittelalter zwischen Kollmann und Bozen wegen der immer wieder auftretenden Unpassierbarkeit&nbsp;<a href="https://kuratorium-kommende-lengmoos.com/ritten/kommende/" class="read-more">Continue Reading</a>
